 9?
False
Is 99232860 a multiple of 1721?
True
Does 31 divide 1960408783?
True
Is 15 a factor of 3247862370?
True
Is 1667902 a multiple of 10?
False
Is 22018783 a multiple of 2263?
False
Does 1678 divide 86394636?
False
Is 1727528768 a multiple of 287?
True
Does 627 divide 1867873928?
False
Is 1773 a factor of 573893505?
True
Does 3 divide 16633341?
True
Is 116126425 a multiple of 25?
True
Is 45183984 a multiple of 106?
True
Is 10 a factor of 70632630?
True
Is 88 a factor of 2117263016?
True
Is 26 a factor of 7174569?
False
Is 21 a factor of 320781216?
True
Does 7 divide 1551406?
False
Does 11289 divide 5664775044?
True
Is 28287960 a multiple of 114?
True
Is 110636982 a multiple of 54?
True
Is 323 a factor of 371425452?
True
Is 1402270473 a multiple of 1583?
True
Is 240211562 a multiple of 44?
False
Does 592 divide 134443385?
False
Is 15 a factor of 33518385?
True
Is 47 a factor of 187691304?
True
Does 6 divide 94264276?
False
Does 15 divide 80884883?
False
Is 137213800 a multiple of 68?
True
Is 311990211 a multiple of 13?
True
Is 17 a factor of 1099015065?
True
Is 69244616 a multiple of 8?
True
Is 4 a factor of 372450496?
True
Does 108 divide 740569824?
True
Does 7 divide 1105394439?
False
Is 24 a factor of 29447040?
True
Is 51 a factor of 368492136?
True
Does 19 divide 3586362368?
False
Is 16961431 a multiple of 31?
False
Does 702 divide 63023682?
False
Is 58 a factor of 25461308?
False
Does 6 divide 21806627?
False
Is 24 a factor of 13521936?
True
Is 674424 a multiple of 12?
True
Is 92 a factor of 146047735?
False
Is 2235900 a multiple of 15?
True
Is 18202766 a multiple of 62?
True
Is 11641869 a multiple of 3?
True
Is 4111428 a multiple of 55?
False
Is 779090147 a multiple of 11?
True
Is 811 a factor of 244780886?
True
Does 135 divide 56479003?
False
Is 53 a factor of 115181639?
False
Is 445 a factor of 91100439?
False
Does 1204 divide 27818420?
True
Does 51 divide 3284695341?
True
Does 464 divide 34805568?
True
Is 1522787984 a multiple of 5624?
True
Does 2226 divide 14232212?
False
Does 1268 divide 81112158?
False
Is 9 a factor of 28970796?
False
Is 147 a factor of 4189044316?
False
Does 2703 divide 61214841?
True
Is 207 a factor of 50215302?
True
Is 7 a factor of 98763619?
False
Does 4 divide 52936459?
False
Is 7 a factor of 625725421?
False
Is 1448100 a multiple of 36?
True
Does 851 divide 221656508?
False
Does 135 divide 109262940?
False
Does 927 divide 1158543279?
True
Does 32 divide 554539264?
True
Is 50753404 a multiple of 13?
True
Is 31266511 a multiple of 4?
False
Is 2308 a factor of 18415532?
True
Does 124 divide 53050424?
True
Is 73 a factor of 45845752?
True
Does 23 divide 228159448?
True
Does 12 divide 612507?
False
Is 74053907 a multiple of 101?
True
Is 15 a factor of 19353312?
False
Does 20 divide 1375165754?
False
Is 874 a factor of 95849103?
False
Is 29 a factor of 294991567?
True
Is 1140 a factor of 537818251?
False
Does 13 divide 59852118?
False
Is 11959555 a multiple of 40?
False
Is 243930843 a multiple of 379?
True
Does 67 divide 74734150?
False
Is 717 a factor of 1384699451?
False
Does 4614 divide 794189459?
False
Is 11 a factor of 44819390?
True
Does 7 divide 1628672309?
False
Is 4402 a factor of 232979722?
False
Is 197245653 a multiple of 124?
False
Is 292 a factor of 34668868?
True
Is 2270741776 a multiple of 197?
True
Is 2161 a factor of 17348588?
False
Is 10955563 a multiple of 110?
False
Does 882 divide 690968502?
True
Is 71 a factor of 39461587?
True
Does 4 divide 3722074?
False
Is 947401 a multiple of 91?
True
Is 1259 a factor of 838731030?
False
Does 949 divide 325676871?
True
Is 17 a factor of 38056722?
False
Does 186 divide 184141470?
False
Is 15 a factor of 2341165965?
True
Does 10 divide 240463607?
False
Is 46327440 a multiple of 30?
True
Is 4 a factor of 24175432?
True
Is 26 a factor of 83453526?
True
Is 732 a factor of 529760844?
True
Is 1275367322 a multiple of 2786?
False
Is 17 a factor of 6831853?
False
Is 152 a factor of 246628112?
False
Is 315 a factor of 123680340?
True
Is 1382 a factor of 112200434?
True
Does 3449 divide 71921997?
True
Is 2587648 a multiple of 266?
True
Does 22 divide 8593992?
True
Does 136 divide 15238936?
True
Is 7910 a factor of 756303183?
False
Does 58 divide 1778301924?
True
Is 18 a factor of 165581356?
False
Is 2430398057 a multiple of 10?
False
Is 635386675 a multiple of 5411?
True
Is 14 a factor of 226985822?
True
Is 123 a factor of 7644327?
True
Does 2937 divide 51893853?
True
Is 140 a factor of 111169313?
False
Does 2 divide 327888693?
False
Is 77974849 a multiple of 223?
True
Is 141928621 a multiple of 6?
False
Is 982 a factor of 190649335?
False
Is 18 a factor of 499421916?
True
Does 5571 divide 184462323?
False
Does 388 divide 38313991?
False
Is 78 a factor of 1231562443?
False
Does 2056 divide 25148992?
True
Does 859 divide 2712085481?
True
Is 66 a factor of 29427382?
False
Is 134 a factor of 5388849?
False
Is 621 a factor of 78325258?
False
Does 318 divide 3507290532?
False
Is 36107826 a multiple of 10?
False
Is 18898111 a multiple of 118?
False
Does 1103 divide 3310103?
True
Is 22138829 a multiple of 12?
False
Is 138 a factor of 127687503?
False
Is 1234444508 a multiple of 920?
False
Does 1741 divide 2418286137?
False
Is 180377956 a multiple of 11?
True
Is 4850379930 a multiple of 186?
False
Is 266606871 a multiple of 144?
False
Is 2097 a factor of 499710316?
False
Is 7 a factor of 5856886?
True
Is 260453014 a multiple of 1580?
False
Does 876 divide 60950328?
True
Is 84522620 a multiple of 14?
True
Is 908 a factor of 50466310?
False
Does 1113 divide 5035212?
True
Is 416 a factor of 204511895?
False
Does 19 divide 1570981448?
False
Is 3449810 a multiple of 98?
False
Does 62 divide 212730256?
False
Is 29 a factor of 190002055?
True
Does 1782 divide 2126303784?
True
Does 56 divide 41345248?
True
Is 41880557 a multiple of 758?
False
Is 12 a factor of 26389555?
False
Is 1701650682 a multiple of 839?
False
Does 7068 divide 245907736?
False
Is 4020 a factor of 125331849?
False
Is 10 a factor of 187920339?
False
Is 1154 a factor of 57555629?
False
Is 21 a factor of 20769315?
True
Is 2401706981 a multiple of 82?
False
Is 11 a factor of 82044446?
True
Does 55 divide 550825?
True
Does 19 divide 9872134?
True
Is 6064 a factor of 206994640?
True
Does 87 divide 130628479?
False
Is 8 a factor of 3764793?
False
Is 5907434 a multiple of 26?
True
Does 3487 divide 60164698?
True
Is 241 a factor of 130350585?
False
Is 67175978 a multiple of 31?
False
Does 6 divide 17828123?
False
Is 50006880 a multiple of 726?
True
Is 9 a factor of 15499071?
True
Is 341853281 a multiple of 77?
True
Does 383 divide 335889468?
True
Is 1093351868 a multiple of 1043?
True
Is 2829 a factor of 142680615?
True
Is 3 a factor of 1505546?
False
Is 5543754 a multiple of 3?
True
Is 4428942 a multiple of 78?
False
Is 22 a factor of 75847574?
True
Is 2015 a factor of 288426065?
False
Is 1910877040 a multiple of 61?
False
Is 650252700 a multiple of 6?
True
Does 798 divide 93315138?
False
Does 14 divide 3551279101?
False
Is 4 a factor of 15618222?
False
Does 476 divide 227699360?
True
Is 32 a factor of 121514554?
False
Does 236 divide 111982944?
True
Does 30 divide 128422464?
False
Is 1325 a factor of 129974308?
False
Is 151720987 a multiple of 3?
False
Is 33 a factor of 210396944?
False
Is 742472567 a multiple of 1291?
False
Is 6 a factor of 2556112407?
False
Is 378079104 a multiple of 208?
True
Does 101 divide 105425820?
True
Does 11 divide 248809134?
False
Does 419 divide 7973971?
False
Is 79 a factor of 13625815?
False
Is 41553662 even?
True
Is 6 a factor of 1605824581?
False
Is 943 a factor of 198522138?
False
Is 10 a factor of 1833092?
False
Does 6910 divide 1473851312?
False
Is 7 a factor of 630384?
False
Is 543 a factor of 18652050?
True
Is 189 a factor of 1901241397?
False
Is 748853488 a multiple of 2273?
True
Is 92 a factor of 49781807?
False
Is 96 a factor of 29030915?
False
Is 435 a factor of 1812714165?
True
Is 58 a factor of 9270488?
True
Does 1618 divide 199334364?
True
Is 150016310 a multiple of 101?
True
Is 2105 a factor of 989965981?
False
Is 258247605 a multiple of 271?
False
Does 2461 divide 724773574?
False
Does 81 divide 39294477?
True
Does 569 divide 557858249?
False
Does 57 divide 1746813